{"id":62,"date":"2016-02-08T09:44:17","date_gmt":"2016-02-08T08:44:17","guid":{"rendered":"https:\/\/inf.gymgmunden.at\/?page_id=62"},"modified":"2016-04-07T19:42:54","modified_gmt":"2016-04-07T17:42:54","slug":"weitere-projekte","status":"publish","type":"page","link":"https:\/\/inf.gymgmunden.at\/index.php\/weitere-projekte\/","title":{"rendered":"Weitere Projekte"},"content":{"rendered":"<p>2015\/16: <strong>Project eyeMash<\/strong>: Safer Internet Month (WPG 6+7+8)!<\/p>\n<p>2013\/14: <strong>3D-Drucker Projekt<\/strong>: Zusammenbau und Inbetriebnahme dreier 3D-Drucker; Workshop MIBA Laakirchen; Workshop mit NMS Gmunden; Abschlussveranstaltung 3D-Druck-Party VARENA V\u00f6cklabruck; in Kooperation mit dem Otelo) (WPG 7+8)<\/p>\n<p>2013\/14: <strong>Safer Internet<\/strong>: Schul\u00fcbergreifendes Projekt mit der NMS Laakirchen. Zu Themen wie Cybermobbing, der gl\u00e4serne Mensch, Soziale Netzwerke, Urheberrecht wurden QR-Codes erstellt, die anschlie\u00dfend in beiden Schulen ausgestellt wurden.<\/p>\n<p>2012\/13: <strong>Safern Internet Month 2013<\/strong> (&#8222;Let it grow slow&#8220;, &#8222;Couch surfing&#8220;, QR-Codes zu 5 Themen aus dem Bereich Internet, QR-Code-Story Modernes M\u00e4rchen Schneewittchen) (WPG 7)<\/p>\n<p>2012\/13: <strong>Digital Signage f\u00fcr das BG BRG Gmunden<\/strong>: Sondieren und Testen von Software f\u00fcr Displays; Implementation f\u00fcr Supplierplan und Terminanzeigen<\/p>\n","protected":false},"excerpt":{"rendered":"<p>2015\/16: Project eyeMash: Safer Internet Month (WPG 6+7+8)! 2013\/14: 3D-Drucker Projekt: Zusammenbau und Inbetriebnahme dreier 3D-Drucker; Workshop MIBA Laakirchen; Workshop mit NMS Gmunden; Abschlussveranstaltung 3D-Druck-Party VARENA V\u00f6cklabruck; in Kooperation mit dem Otelo) (WPG 7+8) 2013\/14: Safer Internet: Schul\u00fcbergreifendes Projekt mit der NMS Laakirchen. Zu Themen wie Cybermobbing, der gl\u00e4serne Mensch, Soziale Netzwerke, Urheberrecht wurden QR-Codes [&hellip;]<\/p>\n","protected":false},"author":1,"featured_media":0,"parent":0,"menu_order":0,"comment_status":"closed","ping_status":"closed","template":"","meta":{"footnotes":""},"class_list":["post-62","page","type-page","status-publish","hentry"],"_links":{"self":[{"href":"https:\/\/inf.gymgmunden.at\/index.php\/wp-json\/wp\/v2\/pages\/62","targetHints":{"allow":["GET"]}}],"collection":[{"href":"https:\/\/inf.gymgmunden.at\/index.php\/wp-json\/wp\/v2\/pages"}],"about":[{"href":"https:\/\/inf.gymgmunden.at\/index.php\/wp-json\/wp\/v2\/types\/page"}],"author":[{"embeddable":true,"href":"https:\/\/inf.gymgmunden.at\/index.php\/wp-json\/wp\/v2\/users\/1"}],"replies":[{"embeddable":true,"href":"https:\/\/inf.gymgmunden.at\/index.php\/wp-json\/wp\/v2\/comments?post=62"}],"version-history":[{"count":4,"href":"https:\/\/inf.gymgmunden.at\/index.php\/wp-json\/wp\/v2\/pages\/62\/revisions"}],"predecessor-version":[{"id":255,"href":"https:\/\/inf.gymgmunden.at\/index.php\/wp-json\/wp\/v2\/pages\/62\/revisions\/255"}],"wp:attachment":[{"href":"https:\/\/inf.gymgmunden.at\/index.php\/wp-json\/wp\/v2\/media?parent=62"}],"curies":[{"name":"wp","href":"https:\/\/api.w.org\/{rel}","templated":true}]}}