{"id":80,"date":"2016-02-08T10:40:10","date_gmt":"2016-02-08T09:40:10","guid":{"rendered":"https:\/\/inf.gymgmunden.at\/?page_id=80"},"modified":"2017-01-09T15:26:05","modified_gmt":"2017-01-09T14:26:05","slug":"wahlpflichtfach-informatik","status":"publish","type":"page","link":"https:\/\/inf.gymgmunden.at\/index.php\/wahlpflichtfach-informatik\/","title":{"rendered":"Wahlpflichtfach Informatik"},"content":{"rendered":"<p>M\u00f6chtest du herausfinden, ob das WPG Informatik was f\u00fcr dich ist? Dann klicke <a href=\"https:\/\/inf.gymgmunden.at\/index.php\/ist-das-was-fuer-mich\/\">hier<\/a>!<\/p>\n<p>Oder willst du dich \u00fcber die Inhalte des WPGs genauer informieren? Dann klicke <a href=\"https:\/\/inf.gymgmunden.at\/index.php\/wpg-themenbereiche\/\">WPG Inhalte<\/a>, um zu sehen, was wir in den letzten Jahren so alles gemacht haben!<\/p>\n","protected":false},"excerpt":{"rendered":"<p>M\u00f6chtest du herausfinden, ob das WPG Informatik was f\u00fcr dich ist? Dann klicke hier! Oder willst du dich \u00fcber die Inhalte des WPGs genauer informieren? Dann klicke WPG Inhalte, um zu sehen, was wir in den letzten Jahren so alles gemacht haben!<\/p>\n","protected":false},"author":1,"featured_media":0,"parent":0,"menu_order":0,"comment_status":"closed","ping_status":"closed","template":"","meta":{"footnotes":""},"class_list":["post-80","page","type-page","status-publish","hentry"],"_links":{"self":[{"href":"https:\/\/inf.gymgmunden.at\/index.php\/wp-json\/wp\/v2\/pages\/80","targetHints":{"allow":["GET"]}}],"collection":[{"href":"https:\/\/inf.gymgmunden.at\/index.php\/wp-json\/wp\/v2\/pages"}],"about":[{"href":"https:\/\/inf.gymgmunden.at\/index.php\/wp-json\/wp\/v2\/types\/page"}],"author":[{"embeddable":true,"href":"https:\/\/inf.gymgmunden.at\/index.php\/wp-json\/wp\/v2\/users\/1"}],"replies":[{"embeddable":true,"href":"https:\/\/inf.gymgmunden.at\/index.php\/wp-json\/wp\/v2\/comments?post=80"}],"version-history":[{"count":4,"href":"https:\/\/inf.gymgmunden.at\/index.php\/wp-json\/wp\/v2\/pages\/80\/revisions"}],"predecessor-version":[{"id":801,"href":"https:\/\/inf.gymgmunden.at\/index.php\/wp-json\/wp\/v2\/pages\/80\/revisions\/801"}],"wp:attachment":[{"href":"https:\/\/inf.gymgmunden.at\/index.php\/wp-json\/wp\/v2\/media?parent=80"}],"curies":[{"name":"wp","href":"https:\/\/api.w.org\/{rel}","templated":true}]}}